{"version":"1.0","provider_name":"Pulso27","provider_url":"http:\/\/pulso27.com\/en","author_name":"Redactor","author_url":"http:\/\/pulso27.com\/en\/author\/redactor\/","title":"Triunfo de los agricultores europeos - Pulso27","type":"rich","width":600,"height":338,"html":"<blockquote class=\"wp-embedded-content\" data-secret=\"joNQIZIG5e\"><a href=\"http:\/\/pulso27.com\/en\/actualidad\/agricultura\/triunfo-de-los-agricultores-europeos\/\">Triunfo de los agricultores europeos<\/a><\/blockquote><iframe sandbox=\"allow-scripts\" security=\"restricted\" src=\"http:\/\/pulso27.com\/en\/actualidad\/agricultura\/triunfo-de-los-agricultores-europeos\/embed\/#?secret=joNQIZIG5e\" width=\"600\" height=\"338\" title=\"&#8220;Triunfo de los agricultores europeos&#8221; &#8212; Pulso27\" data-secret=\"joNQIZIG5e\" frameborder=\"0\" marginwidth=\"0\" marginheight=\"0\" scrolling=\"no\" class=\"wp-embedded-content\"><\/iframe><script type=\"text\/javascript\">\n\/* <![CDATA[ *\/\n\/*! This file is auto-generated *\/\n!function(d,l){\"use strict\";l.querySelector&&d.addEventListener&&\"undefined\"!=typeof URL&&(d.wp=d.wp||{},d.wp.receiveEmbedMessage||(d.wp.receiveEmbedMessage=function(e){var t=e.data;if((t||t.secret||t.message||t.value)&&!\/[^a-zA-Z0-9]\/.test(t.secret)){for(var s,r,n,a=l.querySelectorAll('iframe[data-secret=\"'+t.secret+'\"]'),o=l.querySelectorAll('blockquote[data-secret=\"'+t.secret+'\"]'),c=new RegExp(\"^https?:$\",\"i\"),i=0;i<o.length;i++)o[i].style.display=\"none\";for(i=0;i<a.length;i++)s=a[i],e.source===s.contentWindow&&(s.removeAttribute(\"style\"),\"height\"===t.message?(1e3<(r=parseInt(t.value,10))?r=1e3:~~r<200&&(r=200),s.height=r):\"link\"===t.message&&(r=new URL(s.getAttribute(\"src\")),n=new URL(t.value),c.test(n.protocol))&&n.host===r.host&&l.activeElement===s&&(d.top.location.href=t.value))}},d.addEventListener(\"message\",d.wp.receiveEmbedMessage,!1),l.addEventListener(\"DOMContentLoaded\",function(){for(var e,t,s=l.querySelectorAll(\"iframe.wp-embedded-content\"),r=0;r<s.length;r++)(t=(e=s[r]).getAttribute(\"data-secret\"))||(t=Math.random().toString(36).substring(2,12),e.src+=\"#?secret=\"+t,e.setAttribute(\"data-secret\",t)),e.contentWindow.postMessage({message:\"ready\",secret:t},\"*\")},!1)))}(window,document);\n\/* ]]> *\/\n<\/script>","thumbnail_url":"https:\/\/pulso27.com\/wp-content\/uploads\/2026\/01\/AgricultoresE.png","thumbnail_width":1200,"thumbnail_height":800,"description":"El pleno del Parlamento Europeo vot\u00f3 el 21 de enero de 2026 remitir el pacto al Tribunal de Justicia de la UE (TJUE) para evaluar su compatibilidad con los tratados europeos, especialmente en est\u00e1ndares ambientales, sanitarios y de protecci\u00f3n agraria. La votaci\u00f3n fue ajustad\u00edsima: 334 a favor, 324 en contra y 11 abstenciones. Firmado apenas [&hellip;]"}

El pleno del Parlamento Europeo votó el 21 de enero de 2026 remitir el pacto al Tribunal de Justicia de la UE (TJUE) para evaluar su compatibilidad con los tratados europeos, especialmente en estándares ambientales, sanitarios y de protección agraria. La votación fue ajustadísima: 334 a favor, 324 en contra y 11 abstenciones. Firmado apenas [&hellip;]
