{"version":"1.0","provider_name":"Pulso27","provider_url":"https:\/\/pulso27.com\/es","author_name":"Redactor","author_url":"https:\/\/pulso27.com\/es\/author\/redactor\/","title":"En defensa de Pedro Castillo Terrones - Pulso27","type":"rich","width":600,"height":338,"html":"<blockquote class=\"wp-embedded-content\" data-secret=\"kpwum2q7Tj\"><a href=\"https:\/\/pulso27.com\/es\/actualidad\/politica\/en-defensa-de-pedro-castillo-terrones\/\">En defensa de Pedro Castillo Terrones<\/a><\/blockquote><iframe sandbox=\"allow-scripts\" security=\"restricted\" src=\"https:\/\/pulso27.com\/es\/actualidad\/politica\/en-defensa-de-pedro-castillo-terrones\/embed\/#?secret=kpwum2q7Tj\" width=\"600\" height=\"338\" title=\"\u00abEn defensa de Pedro Castillo Terrones\u00bb \u2014 Pulso27\" data-secret=\"kpwum2q7Tj\" frameborder=\"0\" marginwidth=\"0\" marginheight=\"0\" scrolling=\"no\" class=\"wp-embedded-content\"><\/iframe><script type=\"text\/javascript\">\n\/* <![CDATA[ *\/\n\/*! This file is auto-generated *\/\n!function(d,l){\"use strict\";l.querySelector&&d.addEventListener&&\"undefined\"!=typeof URL&&(d.wp=d.wp||{},d.wp.receiveEmbedMessage||(d.wp.receiveEmbedMessage=function(e){var t=e.data;if((t||t.secret||t.message||t.value)&&!\/[^a-zA-Z0-9]\/.test(t.secret)){for(var s,r,n,a=l.querySelectorAll('iframe[data-secret=\"'+t.secret+'\"]'),o=l.querySelectorAll('blockquote[data-secret=\"'+t.secret+'\"]'),c=new RegExp(\"^https?:$\",\"i\"),i=0;i<o.length;i++)o[i].style.display=\"none\";for(i=0;i<a.length;i++)s=a[i],e.source===s.contentWindow&&(s.removeAttribute(\"style\"),\"height\"===t.message?(1e3<(r=parseInt(t.value,10))?r=1e3:~~r<200&&(r=200),s.height=r):\"link\"===t.message&&(r=new URL(s.getAttribute(\"src\")),n=new URL(t.value),c.test(n.protocol))&&n.host===r.host&&l.activeElement===s&&(d.top.location.href=t.value))}},d.addEventListener(\"message\",d.wp.receiveEmbedMessage,!1),l.addEventListener(\"DOMContentLoaded\",function(){for(var e,t,s=l.querySelectorAll(\"iframe.wp-embedded-content\"),r=0;r<s.length;r++)(t=(e=s[r]).getAttribute(\"data-secret\"))||(t=Math.random().toString(36).substring(2,12),e.src+=\"#?secret=\"+t,e.setAttribute(\"data-secret\",t)),e.contentWindow.postMessage({message:\"ready\",secret:t},\"*\")},!1)))}(window,document);\n\/* ]]> *\/\n<\/script>\n","thumbnail_url":"https:\/\/pulso27.com\/wp-content\/uploads\/2024\/05\/PC.png","thumbnail_width":1331,"thumbnail_height":748,"description":"El Congreso de la Rep\u00fablica de Per\u00fa ha rechazado la apelaci\u00f3n que presento el expresidente Pedro Castillo, en contra de una resoluci\u00f3n administrativa que en primera instancia le neg\u00f3 la pensi\u00f3n vitalicia de 15,600 soles mensuales que corresponde a los expresidentes constitucionales del pa\u00eds. En febrero de 2023, el Congreso aprob\u00f3 acusar a Castillo por [&hellip;]"}

El Congreso de la República de Perú ha rechazado la apelación que presento el expresidente Pedro Castillo, en contra de una resolución administrativa que en primera instancia le negó la pensión vitalicia de 15,600 soles mensuales que corresponde a los expresidentes constitucionales del país. En febrero de 2023, el Congreso aprobó acusar a Castillo por [&hellip;]
